hat is the remainder when 11997 is divided by 120?
117
Calculate the remainder when 363795 is divided by 18.
15
What is the remainder when 14159 is divided by 30?
29
What is the remainder when 43190 is divided by 14339?
173
Calculate the remainder when 5723 is divided by 2728.
267
Calculate the remainder when 2651 is divided by 2641.
10
What is the remainder when 260223 is divided by 53?
46
What is the remainder when 27962 is divided by 60?
2
Calculate the remainder when 774 is divided by 674.
100
What is the remainder when 1799384 is divided by 105?
104
What is the remainder when 47524 is divided by 625?
24
What is the remainder when 8996 is divided by 578?
326
Calculate the remainder when 96850 is divided by 14.
12
Calculate the remainder when 10970 is divided by 10967.
3
Calculate the remainder when 3006 is divided by 1486.
34
Calculate the remainder when 3132 is divided by 2536.
596
Calculate the remainder when 211746 is divided by 3415.
16
What is the remainder when 83296 is divided by 80?
16
Calculate the remainder when 2760 is divided by 1144.
472
What is the remainder when 238523 is divided by 556?
555
Calculate the remainder when 5794 is divided by 84.
82
Calculate the remainder when 2815 is divided by 402.
1
Calculate the remainder when 290877 is divided by 14.
13
Calculate the remainder when 928292 is divided by 1036.
36
What is the remainder when 2866 is divided by 2855?
11
Calculate the remainder when 5425 is divided by 780.
745
What is the remainder when 3944846 is divided by 661?
659
Calculate the remainder when 10926 is divided by 1808.
78
Calculate the remainder when 172556 is divided by 722.
720
Calculate the remainder when 38855 is divided by 134.
129
What is the remainder when 8355 is divided by 186?
171
Calculate the remainder when 4229 is divided by 385.
379
What is the remainder when 5027 is divided by 4972?
55
What is the remainder when 332 is divided by 115?
102
What is the remainder when 22355 is divided by 243?
242
Calculate the remainder when 9300 is divided by 77.
60
What is the remainder when 38820 is divided by 211?
207
What is the remainder when 13388 is divided by 419?
399
What is the remainder when 2510 is divided by 15?
5
Calculate the remainder when 29501 is divided by 64.
61
Calculate the remainder when 583436 is divided by 195.
191
Calculate the remainder when 25785 is divided by 1035.
945
Calculate the remainder when 15480 is divided by 121.
113
What is the remainder when 1151 is divided by 307?
230
What is the remainder when 370804 is divided by 123590?
34
Calculate the remainder when 15849 is divided by 975.
249
Calculate the remainder when 1065194 is divided by 946.
944
Calculate the remainder when 1679398 is divided by 20.
18
Calculate the remainder when 214696 is divided by 426.
418
What is the remainder when 6733 is divided by 6251?
482
Calculate the remainder when 7302 is divided by 2381.
159
Calculate the remainder when 9978 is divided by 224.
122
Calculate the remainder when 4581 is divided by 157.
28
Calculate the remainder when 6413 is divided by 81.
14
Calculate the remainder when 205178 is divided by 56.
50
What is the remainder when 3466 is divided by 383?
19
Calculate the remainder when 14754 is divided by 1228.
18
What is the remainder when 73756 is divided by 38?
36
What is the remainder when 12094 is divided by 4002?
88
What is the remainder when 14195 is divided by 123?
50
What is the remainder when 786 is divided by 23?
4
Calculate the remainder when 54396 is divided by 15.
6
Calculate the remainder when 21753 is divided by 6754.
1491
What is the remainder when 128024 is divided by 128008?
16
Calculate the remainder when 1213 is divided by 81.
79
Calculate the remainder when 2909 is divided by 23.
11
What is the remainder when 4530 is divided by 2?
0
Calculate the remainder when 15896 is divided by 1238.
1040
Calculate the remainder when 32806 is divided by 576.
550
Calculate the remainder when 10332 is divided by 154.
14
Calculate the remainder when 1034 is divided by 49.
5
What is the remainder when 360976 is divided by 45121?
8
What is the remainder when 57710 is divided by 21?
2
Calculate the remainder when 115635 is divided by 26.
13
Calculate the remainder when 399560 is divided by 15.
5
Calculate the remainder when 348 is divided by 13.
10
Calculate the remainder when 24023 is divided by 13.
12
Calculate the remainder when 2323 is divided by 211.
2
What is the remainder when 1473442 is divided by 470?
462
Calculate the remainder when 3415 is divided by 809.
179
Calculate the remainder when 313 is divided by 150.
13
Calculate the remainder when 981114 is divided by 320.
314
What is the remainder when 966728 is divided by 569?
566
Calculate the remainder when 70574 is divided by 71.
0
What is the remainder when 4142 is divided by 1700?
742
Calculate the remainder when 18251 is divided by 192.
11
Calculate the remainder when 47667 is divided by 227.
224
What is the remainder when 960 is divided by 722?
238
Calculate the remainder when 5739 is divided by 1909.
12
Calculate the remainder when 53756 is divided by 33.
32
Calculate the remainder when 5189 is divided by 372.
353
Calculate the remainder when 42496 is divided by 42461.
35
Calculate the remainder when 261313 is divided by 582.
577
What is the remainder when 100466 is divided by 358?
226
Calculate the remainder when 49295 is divided by 13.
12
What is the remainder when 3999 is divided by 4?
3
What is the remainder when 127404 is divided by 99?
90
Calculate the remainder when 666872 is divided by 10104.
8
Calculate the remainder when 5749 is divided by 1005.
724
What is the remainder when 102649 is divided by 25?
24
What is the remainder when 56342 is divided by 741?
26
Calculate the remainder when 1249 is divided by 242.
39
What is the remainder when 537833 is divided by 324?
317
Calculate the remainder when 219 is divided by 157.
62
Calculate the remainder when 82193 is divided by 435.
413
Calculate the remainder when 8813 is divided by 304.
301
What is the remainder when 985 is divided by 418?
149
What is the remainder when 6980 is divided by 37?
24
Calculate the remainder when 1728 is divided by 859.
10
Calculate the remainder when 402860 is divided by 48.
44
What is the remainder when 3683 is divided by 334?
9
Calculate the remainder when 82395 is divided by 93.
90
What is the remainder when 16331 is divided by 3991?
367
Calculate the remainder when 2514129 is divided by 31.
29
Calculate the remainder when 8749 is divided by 4188.
373
Calculate the remainder when 650 is divided by 510.
140
What is the remainder when 1553 is divided by 57?
14
Calculate the remainder when 2016299 is divided by 550.
549
What is the remainder when 1192798 is divided by 426?
424
What is the remainder when 5848 is divided by 1205?
1028
What is the remainder when 46655 is divided by 1138?
1135
What is the remainder when 11743 is divided by 29?
27
Calculate the remainder when 53434 is divided by 42.
10
Calculate the remainder when 168928 is divided by 10.
8
What is the remainder when 3227 is divided by 256?
155
Calculate the remainder when 1512248 is divided by 53.
52
What is the remainder when 6675 is divided by 53?
50
Calculate the remainder when 157173 is divided by 89.
88
Calculate the remainder when 7371 is divided by 333.
45
Calculate the remainder when 10899045 is divided by 1236.
1233
Calculate the remainder when 2824 is divided by 468.
16
Calculate the remainder when 3649 is divided by 477.
310
Calculate the remainder when 19768 is divided by 11.
1
What is the remainder when 12919 is divided by 803?
71
What is the remainder when 1929 is divided by 511?
396
What is the remainder when 4011 is divided by 82?
75
Calculate the remainder when 266902 is divided by 186.
178
What is the remainder when 2288 is divided by 233?
191
Calculate the remainder when 442900 is divided by 308.
304
Calculate the remainder when 1815 is divided by 201.
6
Calculate the remainder when 25277 is divided by 178.
1
What is the remainder when 12619 is divided by 125?
119
Calculate the remainder when 4828432 is divided by 103.
101
What is the remainder when 1867 is divided by 73?
42
What is the remainder when 54084 is divided by 139?
13
What is the remainder whe